7. What is t(-2)?
-1343
Let y(b) = -815*b**2 - 215*b - 217. Give y(-1).
-817
Let o(y) = 14*y**3 - 59*y**2 + 64*y - 231. Determine o(4).
-23
Let x(l) = -13*l**3 - 43*l**2 - 29*l - 175. What is x(-6)?
1259
Let f(j) = -6*j**2 + 60*j - 461. Determine f(15).
-911
Let c(j) = 2*j**2 + 936*j - 21578. What is c(22)?
-18
Let p(b) = -236*b - 45698. Determine p(-194).
86
Let r(i) = 250146*i - 3752198. Determine r(15).
-8
Let r(w) = w**3 - 264*w**2 - 7555*w + 4659. What is r(290)?
309
Let h(j) = -j**3 + 185*j**2 - 3430*j + 228. Give h(164).
2524
Let u(w) = -11*w**2 - 168*w - 275. Give u(-34).
-7279
Let i(r) = 2*r**3 - 146*r**2 + 99*r + 501. What is i(72)?
-2739
Let q(k) = -17818*k + 3919967. Determine q(220).
7
Let x(l) = 19*l**2 + 2623*l - 22072. What is x(8)?
128
Let m(c) = 2*c**2 + 342*c + 13791. Give m(-106).
11
Let o(q) = -q**3 - 184*q**2 + 1122*q + 4. Calculate o(6).
-104
Let x(s) = 3*s**2 + 14465*s - 7. Calculate x(0).
-7
Let z(q) = -1157*q - 55532. Give z(-48).
4
Let x(n) = -1027*n - 458020. What is x(-446)?
22
Let b(z) = 2963*z - 8903. What is b(3)?
-14
Let z(j) = -5530*j - 71840. Determine z(-13).
50
Let u(m) = -950*m**2 - 34180*m + 710. Determine u(-36).
-10
Let t(r) = 5*r**3 + 2*r**2 - 3*r + 27. Calculate t(5).
687
Let g(w) = 6*w**2 + 76*w - 141. What is g(-14)?
-29
Let r(a) = -3040*a - 1738921. What is r(-572)?
-41
Let o(j) = 132*j**3 - 1451*j**2 - 59*j + 535. Determine o(11).
7
Let g(o) = -9*o**3 + 1035*o**2 + o - 900. Calculate g(115).
-785
Let k(l) = -l**3 + 43*l**2 + 186*l + 90. What is k(47)?
-4
Let a(q) = 4*q**2 + 195*q - 1739. Determine a(8).
77
Let i(y) = 418*y + 115363. Give i(-276).
-5
Let c(o) = 2*o**3 - 17*o**2 - 228*o - 459. What is c(-5)?
6
Let i(u) = -u**3 - 58*u**2 + 148*u + 326. Calculate i(-61).
2461
Let s(i) = -i**2 + 113*i - 2795. Calculate s(44).
241
Let v(f) = 7*f**2 - 47*f - 8. Calculate v(3).
-86
Let j(a) = -31*a**3 - 21*a**2 - 31*a + 195. What is j(3)?
-924
Let k(m) = 47*m**2 - 3*m + 157. Calculate k(-5).
1347
Let m(b) = -2815*b + 140712. What is m(50)?
-38
Let f(k) = 285*k**2 + 178*k + 179. Calculate f(-1).
286
Let t(v) = -2*v**2 + 212*v - 4902. What is t(34)?
-6
Let m(l) = -5*l**3 - 11*l**2 + 111*l - 50. Determine m(6).
-860
Let p(o) = -2134*o - 64242. Give p(-30).
-222
Let d(a) = 2*a**3 + 60*a**2 - 197*a - 8279. Calculate d(-28).
373
Let p(g) = -785*g - 51259. Give p(-66).
551
Let u(t) = t**3 + 66*t**2 + 123*t + 9102. Calculate u(-66).
984
Let k(w) = 3*w**3 - 52*w**2 + 130*w - 62. Give k(15).
313
Let m(w) = -6402*w + 3937239. What is m(615)?
9
Let x(g) = 4*g**2 + 565*g + 4059. What is x(-7)?
300
Let b(j) = -468*j - 120835. Give b(-258).
-91
Let b(j) = 12806*j + 4751073. Calculate b(-371).
47
Let x(w) = 2586*w - 71743. Give x(27).
-1921
Let m(c) = -2*c**2 - 84*c - 76. Give m(-48).
-652
Let n(t) = -15919*t - 318416. Calculate n(-20).
-36
Let s(c) = -154*c + 2053. Determine s(23).
-1489
Let j(p) = -4*p**3 - 2827*p**2 + 3446*p - 66534. Give j(-708).
18
Let i(r) = 3402*r**2 + 129276*r - 77. Calculate i(-38).
-77
Let r(j) = -j**2 - 73*j + 40381. What is r(-240)?
301
Let t(d) = 25*d**3 + 1598*d**2 - 110*d - 519. Give t(-64).
-1671
Let j(p) = -p**2 - 2216*p + 436444. Give j(182).
8
Let y(v) = -192937*v + 1543395. Give y(8).
-101
Let q(z) = z**3 - 277*z**2 + 3925*z + 72. Calculate q(15).
-3
Let p(x) = x**3 - 62*x**2 - 1448*x - 42. Calculate p(-17).
1743
Let i(h) = 3*h**2 + 222*h + 5932. Calculate i(-46).
2068
Let v(f) = 1040*f**2 + 120*f - 229. Calculate v(2).
4171
Let s(l) = 39*l**2 - 259*l - 110. Determine s(8).
314
Let u(g) = -g**3 + 26*g**2 - 80*g + 1384. What is u(25)?
9
Let j(h) = 4039*h + 3215080. Give j(-796).
36
Let k(x) = 4*x**3 + 618*x**2 + 876*x - 6445. Determine k(-153).
-19
Let v(g) = -38*g - 708. What is v(29)?
-1810
Let t(l) = 6129*l - 73596. Determine t(12).
-48
Let q(k) = -k**3 - 536*k**2 + 1080*k + 2151. What is q(-538)?
-1
Let c(g) = -90547*g + 1991989. Give c(22).
-45
Let n(k) = 371*k**2 - 6967*k + 5197. What is n(18)?
-5
Let b(w) = -2*w**2 + 788*w + 31902. Give b(-37).
8
Let t(x) = 2*x**2 - 7386*x - 111251. Give t(-15).
-11
Let g(x) = -x**3 - 4*x**2 - 1134*x - 11404. Give g(-10).
536
Let h(p) = 2*p**2 + 1220*p - 21305. Determine h(-627).
13
Let w(d) = -4*d**3 - 56*d**2 - 35*d - 430. Give w(-13).
-651
Let p(i) = -7314*i + 314920. Give p(43).
418
Let n(f) = 6*f**3 - 151*f**2 - 121*f - 101. Calculate n(26).
133
Let s(r) = -r**3 - 30*r**2 - 107*r + 643. Calculate s(-15).
-1127
Let s(i) = -i**3 + 38*i**2 - 125*i + 1189. Calculate s(17).
5133
Let f(n) = 43*n**2 + 451*n + 1028. Give f(-7).
-22
Let w(j) = j**3 - 99*j**2 + 590*j - 2973. Calculate w(93).
3
Let d(l) = l**2 - 145*l - 4975. Give d(-28).
-131
Let h(v) = 26726*v - 106894. Determine h(4).
10
Let h(r) = -1553*r**2 - 49686*r + 292. What is h(-32)?
-28
Let z(q) = -3085*q - 27435. Give z(-7).
-5840
Let f(w) = w**3 + 3*w**2 - 477*w - 50. Calculate f(0).
-50
Let l(t) = t**3 + 27*t**2 + 267*t + 3386. Give l(-18).
1496
Let d(h) = -5*h**3 + 1604*h**2 + 13109*h - 338. What is d(-8)?
6
Let z(j) = 13*j**3 - 216*j**2 - 320*j - 37. Give z(18).
35
Let t(i) = 93978*i - 94018. Give t(1).
-40
Let b(n) = 255*n - 45131. Determine b(177).
4
Let m(n) = -n**3 + 13*n**2 + 303*n - 3319. What is m(19)?
272
Let z(d) = 2*d**2 + 256224*d + 1537287. Give z(-6).
15
Let c(j) = j**3 - 2*j**2 - 57*j + 261. What is c(7)?
107
Let l(i) = -i**3 - 25*i**2 + 1683*i + 39759. What is l(-23)?
-8
Let o(p) = 16*p**2 - 390*p + 1563. Give o(4).
259
Let g(p) = 8786*p + 175717. Calculate g(-20).
-3
Let t(y) = -12*y**2 + 36*y + 265. Calculate t(-4).
-71
Let q(u) = 5*u**3 - 1067*u**2 + 431*u - 1091. Give q(213).
-26
Let t(d) = 81799*d - 163602. Give t(2).
-4
Let g(n) = -7691*n - 1415127. Determine g(-184).
17
Let a(s) = -640*s**2 - 4198*s + 20. Give a(-7).
-1954
Let w(o) = o**3 + 13*o**2 + 168*o + 2088. What is w(-12)?
216
Let k(j) = -2*j**3 + 294*j**2 - 5704*j - 7. Calculate k(124).
-7
Let h(f) = 46*f**2 - 712*f - 10. Determine h(14).
-962
Let b(l) = -7503*l + 195032. Give b(26).
-46
Let z(q) = 6*q**3 + 5*q**2 - 8756*q + 8752. Determine z(1).
7
Let d(g) = g**3 - 6*g**2 - 598*g + 5707. Calculate d(10).
127
Let q(h) = -70*h + 180. What is q(15)?
-870
Let u(c) = 1724*c - 108621. Give u(63).
-9
Let t(u) = -11*u**2 - 915*u - 244. Give t(-88).
-4908
Let p(o) = 2*o**3 + 8*o**2 + 615*o + 1842. Calculate p(-3).
15
Let r(b) = -b**3 + 9*b**2 + 265*b - 2577. Determine r(11).
96
Let d(q) = 3*q**3 - 160*q**2 + 63*q - 101. What is d(53)?
429
Let y(x) = x**3 - 36*x**2 - 134*x + 5949. What is y(35)?
34
Let v(u) = -6*u**2 + 502*u - 9260. Give v(56).
36
Let r(v) = 1054409*v + 3163224. What is r(-3)?
-3
Let v(b) = -2*b**2 - 17464*b - 400612. Give v(-23).
2
Let f(c) = -550118*c - 4951046. Give f(-9).
16
Let s(f) = f**2 - 37*f - 494. Determine s(66).
1420
Let a(b) = 1211*b + 173159. Determine a(-143).
-14
Let j(y) = -555*y + 2745. What is j(5)?
-30
Let l(k) = -2*k**2 - 31845*k + 318652. Give l(10).
2
Let w(h) = -192*h**2 + 10181*h - 241. What is w(53)?
24
Let l(t) = -4*t**3 - 19*t**2 + 12*t - 75. What is l(6)?
-1551
Let j(m) = 6784*m + 40723. Give j(-6).
19
Let p(o) = -126530*o - 3669370. What is p(-29)?
0
Let a(s) = 22219*s + 1733081. What is a(-78)?
-1
Let k(w) = -15043*w**2 - 60027*w + 589. Calculate k(-4).
9
Let r(l) = -3*l**3 + 76*l**2 - 96*l + 26. What is r(24)?
26
Let y(c) = -c**3 - 76*c**2 - 392*c - 2630. What is y(-71)?
-3
Let c(r) = r**3 + 18*r**2 - 8428*r - 33883. What is c(-4)?
53
Let j(c) = 157240*c - 471710. Give j(3).
10
Let j(d) = -6*d**3 - 52*d**2 + 701*d - 50. Determine j(-16).
-2
Let w(o) = 9*o**2 + 26*o + 3. What is w(-5)?
98
Let d(g) = -6*g**3 - 1331*g**2 - 10260*g + 18. What is d(-8)?
-14
Let n(p) = -456097*p + 19612176. Give n(43).
5
Let z(i) = -7491*i + 52359. What is z(7)?
-78
Let h(j) = -5*j**3 - 331*j**2 - 670*j + 2118. Calculate h(-64).
-58
Let x(g) = 36052*g - 72471. What is x(2)?
-367
Let g(w) = w**3 + 297*w**2 + 1602*w + 41431. Determine g(-292).
-33
Let i(k) = 9*k**3 + 2*k**2 - 17076*k - 17078. Give i(-1).
-9
Let f(b) = b**3 - 4*b**2 - 75*b - 55. Determine f(13).
491
Let r(w) = w**3 + 13*w**2 + 20*w + 54. What is r(-9)?
198
Let a(m) = -218162*m + 218312. Give a(1).
150
Let y(a) = 11*a**2 - 603*a - 103042. What is y(128)?
-2
Let d(h) = -5259*h + 631026. Determine d(120).
-54
Let b(x) = 2